{"id":546,"date":"2024-03-13T14:28:23","date_gmt":"2024-03-13T13:28:23","guid":{"rendered":"https:\/\/longaronefiere.it\/?post_type=evento&#038;p=546"},"modified":"2026-03-11T16:08:23","modified_gmt":"2026-03-11T15:08:23","slug":"agrimont","status":"publish","type":"evento","link":"https:\/\/longaronefiere.it\/en\/agrimont\/","title":{"rendered":"Agrimont"},"content":{"rendered":"\n<p>In 45 edizioni Agrimont \u00e8 diventata la pi\u00f9 completa mostra dell\u2019agricoltura di montagna. \u00c8 l\u2019appuntamento che segna il risveglio della natura in primavera dove il mondo rurale montano presenta tutto ci\u00f2 che lo rende unico: dalle macchine e attrezzature per l\u2019agricoltura alle tecniche e ai prodotti per la cura e manutenzione del territorio sino ai prodotti enogastronomici tipici.<\/p>\n\n\n\n<p>Agrimont \u00e8 una manifestazione che si \u00e8 affermata negli anni, sia in termini di visitatori che di qualit\u00e0 e numero di espositori specializzati, con un\u2019ampia rappresentanza delle principali aziende di prodotti, macchine e attrezzature per l\u2019agricoltura e tutto ci\u00f2 che riguarda il mondo rurale montano. Presenti in esposizione anche aziende legate al settore del giardinaggio e a quello del florovivaismo, con prodotti e piccole attrezzature da utilizzare nella cura dell\u2019orto e del giardino di casa. Completano la rassegna infine gli stand che presentano produzioni agro-alimentari tipiche dell\u2019agricoltura di montagna, come formaggi, miele e insaccati.<\/p>\n\n\n\n<p><strong>Biglietto Ingresso 10 euro <\/strong><\/p>\n\n\n\n<p><strong>Bambini fino ai 12 anni<\/strong> compresi ingresso gratuito <\/p>\n\n\n\n<p>L\u2019<strong>ingresso ai cani<\/strong>&nbsp;\u00e8 permesso nelle modalit\u00e0 indicate dal Regolamento<\/p>\n","protected":false},"featured_media":18905,"template":"","tipologia-evento":[7],"class_list":["post-546","evento","type-evento","status-publish","has-post-thumbnail","hentry","tipologia-evento-fiere"],"acf":[],"yoast_head":"<!-- This site is optimized with the Yoast SEO plugin v26.2 - https:\/\/yoast.com\/wordpress\/plugins\/seo\/ -->\n<title>Agrimont | Fiera dell&#039;Agricoltura di Montagna | Longarone Fiere<\/title>\n<meta name=\"description\" content=\"Agrimont, la fiera dell&#039;agricoltura di montagna a Longarone Fiere. Esposizione di macchine agricole, prodotti e attrezzature.\" \/>\n<meta name=\"robots\" content=\"index, follow, max-snippet:-1, max-image-preview:large, max-video-preview:-1\" \/>\n<link rel=\"canonical\" href=\"https:\/\/longaronefiere.it\/en\/agrimont\/\" \/>\n<meta property=\"og:locale\" content=\"en_US\" \/>\n<meta property=\"og:type\" content=\"article\" \/>\n<meta property=\"og:title\" content=\"Agrimont | Fiera dell&#039;Agricoltura di Montagna | Longarone Fiere\" \/>\n<meta property=\"og:description\" content=\"Agrimont, la fiera dell&#039;agricoltura di montagna a Longarone Fiere. Esposizione di macchine agricole, prodotti e attrezzature.\" \/>\n<meta property=\"og:url\" content=\"https:\/\/longaronefiere.it\/en\/agrimont\/\" \/>\n<meta property=\"og:site_name\" content=\"Longarone Fiere\" \/>\n<meta property=\"article:publisher\" content=\"https:\/\/www.facebook.com\/longaronefiere\/\" \/>\n<meta property=\"article:modified_time\" content=\"2026-03-11T15:08:23+00:00\" \/>\n<meta property=\"og:image\" content=\"https:\/\/longaronefiere.it\/wp-content\/uploads\/2024\/03\/AGRIMONT_26_Brochure_p1_sfondo2-scaled.jpg\" \/>\n\t<meta property=\"og:image:width\" content=\"2560\" \/>\n\t<meta property=\"og:image:height\" content=\"1810\" \/>\n\t<meta property=\"og:image:type\" content=\"image\/jpeg\" \/>\n<meta name=\"twitter:card\" content=\"summary_large_image\" \/>\n<meta name=\"twitter:label1\" content=\"Est. reading time\" \/>\n\t<meta name=\"twitter:data1\" content=\"2 minutes\" \/>\n<script type=\"application\/ld+json\" class=\"yoast-schema-graph\">{\"@context\":\"https:\/\/schema.org\",\"@graph\":[{\"@type\":\"WebPage\",\"@id\":\"https:\/\/longaronefiere.it\/en\/agrimont\/\",\"url\":\"https:\/\/longaronefiere.it\/en\/agrimont\/\",\"name\":\"Agrimont | Fiera dell'Agricoltura di Montagna | Longarone Fiere\",\"isPartOf\":{\"@id\":\"https:\/\/longaronefiere.it\/en\/#website\"},\"primaryImageOfPage\":{\"@id\":\"https:\/\/longaronefiere.it\/en\/agrimont\/#primaryimage\"},\"image\":{\"@id\":\"https:\/\/longaronefiere.it\/en\/agrimont\/#primaryimage\"},\"thumbnailUrl\":\"https:\/\/longaronefiere.it\/wp-content\/uploads\/2024\/03\/AGRIMONT_26_Brochure_p1_sfondo2-scaled.jpg\",\"datePublished\":\"2024-03-13T13:28:23+00:00\",\"dateModified\":\"2026-03-11T15:08:23+00:00\",\"description\":\"Agrimont, la fiera dell'agricoltura di montagna a Longarone Fiere. Esposizione di macchine agricole, prodotti e attrezzature.\",\"breadcrumb\":{\"@id\":\"https:\/\/longaronefiere.it\/en\/agrimont\/#breadcrumb\"},\"inLanguage\":\"en-US\",\"potentialAction\":[{\"@type\":\"ReadAction\",\"target\":[\"https:\/\/longaronefiere.it\/en\/agrimont\/\"]}]},{\"@type\":\"ImageObject\",\"inLanguage\":\"en-US\",\"@id\":\"https:\/\/longaronefiere.it\/en\/agrimont\/#primaryimage\",\"url\":\"https:\/\/longaronefiere.it\/wp-content\/uploads\/2024\/03\/AGRIMONT_26_Brochure_p1_sfondo2-scaled.jpg\",\"contentUrl\":\"https:\/\/longaronefiere.it\/wp-content\/uploads\/2024\/03\/AGRIMONT_26_Brochure_p1_sfondo2-scaled.jpg\",\"width\":2560,\"height\":1810},{\"@type\":\"BreadcrumbList\",\"@id\":\"https:\/\/longaronefiere.it\/en\/agrimont\/#breadcrumb\",\"itemListElement\":[{\"@type\":\"ListItem\",\"position\":1,\"name\":\"Home\",\"item\":\"https:\/\/longaronefiere.it\/en\/\"},{\"@type\":\"ListItem\",\"position\":2,\"name\":\"Agrimont\"}]},{\"@type\":\"WebSite\",\"@id\":\"https:\/\/longaronefiere.it\/en\/#website\",\"url\":\"https:\/\/longaronefiere.it\/en\/\",\"name\":\"Longarone Fiere\",\"description\":\"Il polo fieristico della montagna\",\"publisher\":{\"@id\":\"https:\/\/longaronefiere.it\/en\/#organization\"},\"potentialAction\":[{\"@type\":\"SearchAction\",\"target\":{\"@type\":\"EntryPoint\",\"urlTemplate\":\"https:\/\/longaronefiere.it\/en\/?s={search_term_string}\"},\"query-input\":{\"@type\":\"PropertyValueSpecification\",\"valueRequired\":true,\"valueName\":\"search_term_string\"}}],\"inLanguage\":\"en-US\"},{\"@type\":\"Organization\",\"@id\":\"https:\/\/longaronefiere.it\/en\/#organization\",\"name\":\"Longarone Fiere\",\"url\":\"https:\/\/longaronefiere.it\/en\/\",\"logo\":{\"@type\":\"ImageObject\",\"inLanguage\":\"en-US\",\"@id\":\"https:\/\/longaronefiere.it\/en\/#\/schema\/logo\/image\/\",\"url\":\"https:\/\/longaronefiere.it\/wp-content\/uploads\/2024\/03\/logo-longarone-blue.svg\",\"contentUrl\":\"https:\/\/longaronefiere.it\/wp-content\/uploads\/2024\/03\/logo-longarone-blue.svg\",\"width\":230,\"height\":53,\"caption\":\"Longarone Fiere\"},\"image\":{\"@id\":\"https:\/\/longaronefiere.it\/en\/#\/schema\/logo\/image\/\"},\"sameAs\":[\"https:\/\/www.facebook.com\/longaronefiere\/\",\"https:\/\/www.linkedin.com\/company\/longarone-fiere\/\",\"https:\/\/www.youtube.com\/channel\/UCqwtZR2ge2jyXHtQD-LgGsQ\"]}]}<\/script>\n<!-- \/ Yoast SEO plugin. -->","yoast_head_json":{"title":"Agrimont | Fiera dell'Agricoltura di Montagna | Longarone Fiere","description":"Agrimont, la fiera dell'agricoltura di montagna a Longarone Fiere. Esposizione di macchine agricole, prodotti e attrezzature.","robots":{"index":"index","follow":"follow","max-snippet":"max-snippet:-1","max-image-preview":"max-image-preview:large","max-video-preview":"max-video-preview:-1"},"canonical":"https:\/\/longaronefiere.it\/en\/agrimont\/","og_locale":"en_US","og_type":"article","og_title":"Agrimont | Fiera dell'Agricoltura di Montagna | Longarone Fiere","og_description":"Agrimont, la fiera dell'agricoltura di montagna a Longarone Fiere. Esposizione di macchine agricole, prodotti e attrezzature.","og_url":"https:\/\/longaronefiere.it\/en\/agrimont\/","og_site_name":"Longarone Fiere","article_publisher":"https:\/\/www.facebook.com\/longaronefiere\/","article_modified_time":"2026-03-11T15:08:23+00:00","og_image":[{"width":2560,"height":1810,"url":"https:\/\/longaronefiere.it\/wp-content\/uploads\/2024\/03\/AGRIMONT_26_Brochure_p1_sfondo2-scaled.jpg","type":"image\/jpeg"}],"twitter_card":"summary_large_image","twitter_misc":{"Est. reading time":"2 minutes"},"schema":{"@context":"https:\/\/schema.org","@graph":[{"@type":"WebPage","@id":"https:\/\/longaronefiere.it\/en\/agrimont\/","url":"https:\/\/longaronefiere.it\/en\/agrimont\/","name":"Agrimont | Fiera dell'Agricoltura di Montagna | Longarone Fiere","isPartOf":{"@id":"https:\/\/longaronefiere.it\/en\/#website"},"primaryImageOfPage":{"@id":"https:\/\/longaronefiere.it\/en\/agrimont\/#primaryimage"},"image":{"@id":"https:\/\/longaronefiere.it\/en\/agrimont\/#primaryimage"},"thumbnailUrl":"https:\/\/longaronefiere.it\/wp-content\/uploads\/2024\/03\/AGRIMONT_26_Brochure_p1_sfondo2-scaled.jpg","datePublished":"2024-03-13T13:28:23+00:00","dateModified":"2026-03-11T15:08:23+00:00","description":"Agrimont, la fiera dell'agricoltura di montagna a Longarone Fiere. Esposizione di macchine agricole, prodotti e attrezzature.","breadcrumb":{"@id":"https:\/\/longaronefiere.it\/en\/agrimont\/#breadcrumb"},"inLanguage":"en-US","potentialAction":[{"@type":"ReadAction","target":["https:\/\/longaronefiere.it\/en\/agrimont\/"]}]},{"@type":"ImageObject","inLanguage":"en-US","@id":"https:\/\/longaronefiere.it\/en\/agrimont\/#primaryimage","url":"https:\/\/longaronefiere.it\/wp-content\/uploads\/2024\/03\/AGRIMONT_26_Brochure_p1_sfondo2-scaled.jpg","contentUrl":"https:\/\/longaronefiere.it\/wp-content\/uploads\/2024\/03\/AGRIMONT_26_Brochure_p1_sfondo2-scaled.jpg","width":2560,"height":1810},{"@type":"BreadcrumbList","@id":"https:\/\/longaronefiere.it\/en\/agrimont\/#breadcrumb","itemListElement":[{"@type":"ListItem","position":1,"name":"Home","item":"https:\/\/longaronefiere.it\/en\/"},{"@type":"ListItem","position":2,"name":"Agrimont"}]},{"@type":"WebSite","@id":"https:\/\/longaronefiere.it\/en\/#website","url":"https:\/\/longaronefiere.it\/en\/","name":"Longarone Fiere","description":"Il polo fieristico della montagna","publisher":{"@id":"https:\/\/longaronefiere.it\/en\/#organization"},"potentialAction":[{"@type":"SearchAction","target":{"@type":"EntryPoint","urlTemplate":"https:\/\/longaronefiere.it\/en\/?s={search_term_string}"},"query-input":{"@type":"PropertyValueSpecification","valueRequired":true,"valueName":"search_term_string"}}],"inLanguage":"en-US"},{"@type":"Organization","@id":"https:\/\/longaronefiere.it\/en\/#organization","name":"Longarone Fiere","url":"https:\/\/longaronefiere.it\/en\/","logo":{"@type":"ImageObject","inLanguage":"en-US","@id":"https:\/\/longaronefiere.it\/en\/#\/schema\/logo\/image\/","url":"https:\/\/longaronefiere.it\/wp-content\/uploads\/2024\/03\/logo-longarone-blue.svg","contentUrl":"https:\/\/longaronefiere.it\/wp-content\/uploads\/2024\/03\/logo-longarone-blue.svg","width":230,"height":53,"caption":"Longarone Fiere"},"image":{"@id":"https:\/\/longaronefiere.it\/en\/#\/schema\/logo\/image\/"},"sameAs":["https:\/\/www.facebook.com\/longaronefiere\/","https:\/\/www.linkedin.com\/company\/longarone-fiere\/","https:\/\/www.youtube.com\/channel\/UCqwtZR2ge2jyXHtQD-LgGsQ"]}]}},"_links":{"self":[{"href":"https:\/\/longaronefiere.it\/en\/wp-json\/wp\/v2\/evento\/546","targetHints":{"allow":["GET"]}}],"collection":[{"href":"https:\/\/longaronefiere.it\/en\/wp-json\/wp\/v2\/evento"}],"about":[{"href":"https:\/\/longaronefiere.it\/en\/wp-json\/wp\/v2\/types\/evento"}],"wp:featuredmedia":[{"embeddable":true,"href":"https:\/\/longaronefiere.it\/en\/wp-json\/wp\/v2\/media\/18905"}],"wp:attachment":[{"href":"https:\/\/longaronefiere.it\/en\/wp-json\/wp\/v2\/media?parent=546"}],"wp:term":[{"taxonomy":"tipologia-evento","embeddable":true,"href":"https:\/\/longaronefiere.it\/en\/wp-json\/wp\/v2\/tipologia-evento?post=546"}],"curies":[{"name":"wp","href":"https:\/\/api.w.org\/{rel}","templated":true}]}}

<p>In 45 edizioni Agrimont è diventata la più completa mostra dell’agricoltura di montagna. È l’appuntamento che segna il risveglio della natura in primavera dove il mondo rurale montano presenta tutto ciò che lo rende unico: dalle macchine e attrezzature per l’agricoltura alle tecniche e ai prodotti per la cura e manutenzione del territorio sino ai prodotti enogastronomici tipici.</p>



<p>Agrimont è una manifestazione che si è affermata negli anni, sia in termini di visitatori che di qualità e numero di espositori specializzati, con un’ampia rappresentanza delle principali aziende di prodotti, macchine e attrezzature per l’agricoltura e tutto ciò che riguarda il mondo rurale montano. Presenti in esposizione anche aziende legate al settore del giardinaggio e a quello del florovivaismo, con prodotti e piccole attrezzature da utilizzare nella cura dell’orto e del giardino di casa. Completano la rassegna infine gli stand che presentano produzioni agro-alimentari tipiche dell’agricoltura di montagna, come formaggi, miele e insaccati.</p>



<p><strong>Biglietto Ingresso 10 euro </strong></p>



<p><strong>Bambini fino ai 12 anni</strong> compresi ingresso gratuito </p>



<p>L’<strong>ingresso ai cani</strong>&nbsp;è permesso nelle modalità indicate dal Regolamento</p>
